{"version":"1.0","provider_name":"FjALA e LIR\u00cb - Arkivi","provider_url":"https:\/\/fjala.info\/2009-2015","author_name":"admin","author_url":"https:\/\/fjala.info\/2009-2015\/author\/admin\/","title":"Shkopi dhe karrota - FjALA e LIR\u00cb - Arkivi","type":"rich","width":600,"height":338,"html":"<blockquote class=\"wp-embedded-content\" data-secret=\"RCJ7B6Kz06\"><a href=\"https:\/\/fjala.info\/2009-2015\/shkopi-dhe-karrota\/\">Shkopi dhe karrota<\/a><\/blockquote><iframe sandbox=\"allow-scripts\" security=\"restricted\" src=\"https:\/\/fjala.info\/2009-2015\/shkopi-dhe-karrota\/embed\/#?secret=RCJ7B6Kz06\" width=\"600\" height=\"338\" title=\"&#8220;Shkopi dhe karrota&#8221; &#8212; FjALA e LIR\u00cb - Arkivi\" data-secret=\"RCJ7B6Kz06\" frameborder=\"0\" marginwidth=\"0\" marginheight=\"0\" scrolling=\"no\" class=\"wp-embedded-content\"><\/iframe><script type=\"text\/javascript\">\n\/* <![CDATA[ *\/\n\/*! This file is auto-generated *\/\n!function(d,l){\"use strict\";l.querySelector&&d.addEventListener&&\"undefined\"!=typeof URL&&(d.wp=d.wp||{},d.wp.receiveEmbedMessage||(d.wp.receiveEmbedMessage=function(e){var t=e.data;if((t||t.secret||t.message||t.value)&&!\/[^a-zA-Z0-9]\/.test(t.secret)){for(var s,r,n,a=l.querySelectorAll('iframe[data-secret=\"'+t.secret+'\"]'),o=l.querySelectorAll('blockquote[data-secret=\"'+t.secret+'\"]'),c=new RegExp(\"^https?:$\",\"i\"),i=0;i<o.length;i++)o[i].style.display=\"none\";for(i=0;i<a.length;i++)s=a[i],e.source===s.contentWindow&&(s.removeAttribute(\"style\"),\"height\"===t.message?(1e3<(r=parseInt(t.value,10))?r=1e3:~~r<200&&(r=200),s.height=r):\"link\"===t.message&&(r=new URL(s.getAttribute(\"src\")),n=new URL(t.value),c.test(n.protocol))&&n.host===r.host&&l.activeElement===s&&(d.top.location.href=t.value))}},d.addEventListener(\"message\",d.wp.receiveEmbedMessage,!1),l.addEventListener(\"DOMContentLoaded\",function(){for(var e,t,s=l.querySelectorAll(\"iframe.wp-embedded-content\"),r=0;r<s.length;r++)(t=(e=s[r]).getAttribute(\"data-secret\"))||(t=Math.random().toString(36).substring(2,12),e.src+=\"#?secret=\"+t,e.setAttribute(\"data-secret\",t)),e.contentWindow.postMessage({message:\"ready\",secret:t},\"*\")},!1)))}(window,document);\n\/\/# sourceURL=https:\/\/fjala.info\/2009-2015\/wp-includes\/js\/wp-embed.min.js\n\/* ]]> *\/\n<\/script>\n","description":"Nga Enton Palushi \u201cEuropean Voice\u201d, nj\u00eb botim i \u201cThe Economist\u201d, q\u00eb mbulon \u00e7\u00ebshtjet e Bashkimit Europian, n\u00eb nj\u00eb shkrim t\u00eb botuar dje, ka p\u00ebrs\u00ebritur se Shqip\u00ebria nuk do marr\u00eb opinion pozitiv nga Komisioni Europian. Sipas saj, Shqip\u00ebria as nuk duhej ta kishte dor\u00ebzuar fare aplikimin p\u00ebr n\u00eb BE, p\u00ebr shkak se \u00ebsht\u00eb shum\u00eb larg standardeve [&hellip;]"}

FjALA e LIRË - Arkivi

Shkopi dhe karrota - FjALA e LIRË - Arkivi

<blockquote class="wp-embedded-content" data-secret="RCJ7B6Kz06"><a href="https://fjala.info/2009-2015/shkopi-dhe-karrota/">Shkopi dhe karrota</a></blockquote><iframe sandbox="allow-scripts" security="restricted" src="https://fjala.info/2009-2015/shkopi-dhe-karrota/embed/#?secret=RCJ7B6Kz06" width="600" height="338" title="&#8220;Shkopi dhe karrota&#8221; &#8212; FjALA e LIRË - Arkivi" data-secret="RCJ7B6Kz06" frameborder="0" marginwidth="0" marginheight="0" scrolling="no" class="wp-embedded-content"></iframe><script type="text/javascript">
/* <![CDATA[ */
/*! This file is auto-generated */
!function(d,l){"use strict";l.querySelector&&d.addEventListener&&"undefined"!=typeof URL&&(d.wp=d.wp||{},d.wp.receiveEmbedMessage||(d.wp.receiveEmbedMessage=function(e){var t=e.data;if((t||t.secret||t.message||t.value)&&!/[^a-zA-Z0-9]/.test(t.secret)){for(var s,r,n,a=l.querySelectorAll('iframe[data-secret="'+t.secret+'"]'),o=l.querySelectorAll('blockquote[data-secret="'+t.secret+'"]'),c=new RegExp("^https?:$","i"),i=0;i<o.length;i++)o[i].style.display="none";for(i=0;i<a.length;i++)s=a[i],e.source===s.contentWindow&&(s.removeAttribute("style"),"height"===t.message?(1e3<(r=parseInt(t.value,10))?r=1e3:~~r<200&&(r=200),s.height=r):"link"===t.message&&(r=new URL(s.getAttribute("src")),n=new URL(t.value),c.test(n.protocol))&&n.host===r.host&&l.activeElement===s&&(d.top.location.href=t.value))}},d.addEventListener("message",d.wp.receiveEmbedMessage,!1),l.addEventListener("DOMContentLoaded",function(){for(var e,t,s=l.querySelectorAll("iframe.wp-embedded-content"),r=0;r<s.length;r++)(t=(e=s[r]).getAttribute("data-secret"))||(t=Math.random().toString(36).substring(2,12),e.src+="#?secret="+t,e.setAttribute("data-secret",t)),e.contentWindow.postMessage({message:"ready",secret:t},"*")},!1)))}(window,document);
//# sourceURL=https://fjala.info/2009-2015/wp-includes/js/wp-embed.min.js
/* ]]> */
</script>

Nga Enton Palushi “European Voice”, një botim i “The Economist”, që mbulon çështjet e Bashkimit Europian, në një shkrim të botuar dje, ka përsëritur se Shqipëria nuk do marrë opinion pozitiv nga Komisioni Europian. Sipas saj, Shqipëria as nuk duhej ta kishte dorëzuar fare aplikimin për në BE, për shkak se është shumë larg standardeve [&hellip;]
