{"version":"1.0","provider_name":"FjALA e LIR\u00cb - Arkivi","provider_url":"https:\/\/fjala.info\/2009-2015","author_name":"admin","author_url":"https:\/\/fjala.info\/2009-2015\/author\/admin\/","title":"Qetesia e padrejtesise - FjALA e LIR\u00cb - Arkivi","type":"rich","width":600,"height":338,"html":"<blockquote class=\"wp-embedded-content\" data-secret=\"nGhhasRzRY\"><a href=\"https:\/\/fjala.info\/2009-2015\/qetesia-e-padrejtesise\/\">Qetesia e padrejtesise<\/a><\/blockquote><iframe sandbox=\"allow-scripts\" security=\"restricted\" src=\"https:\/\/fjala.info\/2009-2015\/qetesia-e-padrejtesise\/embed\/#?secret=nGhhasRzRY\" width=\"600\" height=\"338\" title=\"&#8220;Qetesia e padrejtesise&#8221; &#8212; FjALA e LIR\u00cb - Arkivi\" data-secret=\"nGhhasRzRY\" frameborder=\"0\" marginwidth=\"0\" marginheight=\"0\" scrolling=\"no\" class=\"wp-embedded-content\"><\/iframe><script type=\"text\/javascript\">\n\/* <![CDATA[ *\/\n\/*! This file is auto-generated *\/\n!function(d,l){\"use strict\";l.querySelector&&d.addEventListener&&\"undefined\"!=typeof URL&&(d.wp=d.wp||{},d.wp.receiveEmbedMessage||(d.wp.receiveEmbedMessage=function(e){var t=e.data;if((t||t.secret||t.message||t.value)&&!\/[^a-zA-Z0-9]\/.test(t.secret)){for(var s,r,n,a=l.querySelectorAll('iframe[data-secret=\"'+t.secret+'\"]'),o=l.querySelectorAll('blockquote[data-secret=\"'+t.secret+'\"]'),c=new RegExp(\"^https?:$\",\"i\"),i=0;i<o.length;i++)o[i].style.display=\"none\";for(i=0;i<a.length;i++)s=a[i],e.source===s.contentWindow&&(s.removeAttribute(\"style\"),\"height\"===t.message?(1e3<(r=parseInt(t.value,10))?r=1e3:~~r<200&&(r=200),s.height=r):\"link\"===t.message&&(r=new URL(s.getAttribute(\"src\")),n=new URL(t.value),c.test(n.protocol))&&n.host===r.host&&l.activeElement===s&&(d.top.location.href=t.value))}},d.addEventListener(\"message\",d.wp.receiveEmbedMessage,!1),l.addEventListener(\"DOMContentLoaded\",function(){for(var e,t,s=l.querySelectorAll(\"iframe.wp-embedded-content\"),r=0;r<s.length;r++)(t=(e=s[r]).getAttribute(\"data-secret\"))||(t=Math.random().toString(36).substring(2,12),e.src+=\"#?secret=\"+t,e.setAttribute(\"data-secret\",t)),e.contentWindow.postMessage({message:\"ready\",secret:t},\"*\")},!1)))}(window,document);\n\/\/# sourceURL=https:\/\/fjala.info\/2009-2015\/wp-includes\/js\/wp-embed.min.js\n\/* ]]> *\/\n<\/script>\n","description":"Nga Albin Kurti Zgjedhje t\u00eb qeta, &#8211; than\u00eb zyrtar\u00ebt nd\u00ebrkomb\u00ebtar\u00eb. Nuk than\u00eb se zgjedhjet parlamentare t\u00eb 12 dhjetorit ishin t\u00eb lira, demokratike apo t\u00eb ndershme. Sepse, thjesht, dihet bot\u00ebrisht q\u00eb nuk ishin t\u00eb tilla. Mir\u00ebpo, si b\u00ebhet q\u00eb p\u00ebrkund\u00ebr shkeljeve e parregullsive t\u00eb panum\u00ebrta theksi vihet te qet\u00ebsia e zgjedhjeve? Pse gj\u00ebja m\u00eb e vlefshme [&hellip;]","thumbnail_url":"http:\/\/fjala.shkoder.net\/wp-content\/uploads\/2010\/12\/albin_kurti2.jpg"}

FjALA e LIRË - Arkivi

Qetesia e padrejtesise - FjALA e LIRË - Arkivi

<blockquote class="wp-embedded-content" data-secret="nGhhasRzRY"><a href="https://fjala.info/2009-2015/qetesia-e-padrejtesise/">Qetesia e padrejtesise</a></blockquote><iframe sandbox="allow-scripts" security="restricted" src="https://fjala.info/2009-2015/qetesia-e-padrejtesise/embed/#?secret=nGhhasRzRY" width="600" height="338" title="&#8220;Qetesia e padrejtesise&#8221; &#8212; FjALA e LIRË - Arkivi" data-secret="nGhhasRzRY" frameborder="0" marginwidth="0" marginheight="0" scrolling="no" class="wp-embedded-content"></iframe><script type="text/javascript">
/* <![CDATA[ */
/*! This file is auto-generated */
!function(d,l){"use strict";l.querySelector&&d.addEventListener&&"undefined"!=typeof URL&&(d.wp=d.wp||{},d.wp.receiveEmbedMessage||(d.wp.receiveEmbedMessage=function(e){var t=e.data;if((t||t.secret||t.message||t.value)&&!/[^a-zA-Z0-9]/.test(t.secret)){for(var s,r,n,a=l.querySelectorAll('iframe[data-secret="'+t.secret+'"]'),o=l.querySelectorAll('blockquote[data-secret="'+t.secret+'"]'),c=new RegExp("^https?:$","i"),i=0;i<o.length;i++)o[i].style.display="none";for(i=0;i<a.length;i++)s=a[i],e.source===s.contentWindow&&(s.removeAttribute("style"),"height"===t.message?(1e3<(r=parseInt(t.value,10))?r=1e3:~~r<200&&(r=200),s.height=r):"link"===t.message&&(r=new URL(s.getAttribute("src")),n=new URL(t.value),c.test(n.protocol))&&n.host===r.host&&l.activeElement===s&&(d.top.location.href=t.value))}},d.addEventListener("message",d.wp.receiveEmbedMessage,!1),l.addEventListener("DOMContentLoaded",function(){for(var e,t,s=l.querySelectorAll("iframe.wp-embedded-content"),r=0;r<s.length;r++)(t=(e=s[r]).getAttribute("data-secret"))||(t=Math.random().toString(36).substring(2,12),e.src+="#?secret="+t,e.setAttribute("data-secret",t)),e.contentWindow.postMessage({message:"ready",secret:t},"*")},!1)))}(window,document);
//# sourceURL=https://fjala.info/2009-2015/wp-includes/js/wp-embed.min.js
/* ]]> */
</script>

Nga Albin Kurti Zgjedhje të qeta, &#8211; thanë zyrtarët ndërkombëtarë. Nuk thanë se zgjedhjet parlamentare të 12 dhjetorit ishin të lira, demokratike apo të ndershme. Sepse, thjesht, dihet botërisht që nuk ishin të tilla. Mirëpo, si bëhet që përkundër shkeljeve e parregullsive të panumërta theksi vihet te qetësia e zgjedhjeve? Pse gjëja më e vlefshme [&hellip;]
