{"version":"1.0","provider_name":"FjALA e LIR\u00cb - Arkivi","provider_url":"https:\/\/fjala.info\/2009-2015","author_name":"admin","author_url":"https:\/\/fjala.info\/2009-2015\/author\/admin\/","title":"Piramida si donkishotizem 'antikomunist' - FjALA e LIR\u00cb - Arkivi","type":"rich","width":600,"height":338,"html":"<blockquote class=\"wp-embedded-content\" data-secret=\"CXAM1IJl4Y\"><a href=\"https:\/\/fjala.info\/2009-2015\/piramida-si-donkishotizem-antikomunist\/\">Piramida si donkishotizem &#8216;antikomunist&#8217;<\/a><\/blockquote><iframe sandbox=\"allow-scripts\" security=\"restricted\" src=\"https:\/\/fjala.info\/2009-2015\/piramida-si-donkishotizem-antikomunist\/embed\/#?secret=CXAM1IJl4Y\" width=\"600\" height=\"338\" title=\"&#8220;Piramida si donkishotizem &#8216;antikomunist&#8217;&#8221; &#8212; FjALA e LIR\u00cb - Arkivi\" data-secret=\"CXAM1IJl4Y\" frameborder=\"0\" marginwidth=\"0\" marginheight=\"0\" scrolling=\"no\" class=\"wp-embedded-content\"><\/iframe><script type=\"text\/javascript\">\n\/* <![CDATA[ *\/\n\/*! This file is auto-generated *\/\n!function(d,l){\"use strict\";l.querySelector&&d.addEventListener&&\"undefined\"!=typeof URL&&(d.wp=d.wp||{},d.wp.receiveEmbedMessage||(d.wp.receiveEmbedMessage=function(e){var t=e.data;if((t||t.secret||t.message||t.value)&&!\/[^a-zA-Z0-9]\/.test(t.secret)){for(var s,r,n,a=l.querySelectorAll('iframe[data-secret=\"'+t.secret+'\"]'),o=l.querySelectorAll('blockquote[data-secret=\"'+t.secret+'\"]'),c=new RegExp(\"^https?:$\",\"i\"),i=0;i<o.length;i++)o[i].style.display=\"none\";for(i=0;i<a.length;i++)s=a[i],e.source===s.contentWindow&&(s.removeAttribute(\"style\"),\"height\"===t.message?(1e3<(r=parseInt(t.value,10))?r=1e3:~~r<200&&(r=200),s.height=r):\"link\"===t.message&&(r=new URL(s.getAttribute(\"src\")),n=new URL(t.value),c.test(n.protocol))&&n.host===r.host&&l.activeElement===s&&(d.top.location.href=t.value))}},d.addEventListener(\"message\",d.wp.receiveEmbedMessage,!1),l.addEventListener(\"DOMContentLoaded\",function(){for(var e,t,s=l.querySelectorAll(\"iframe.wp-embedded-content\"),r=0;r<s.length;r++)(t=(e=s[r]).getAttribute(\"data-secret\"))||(t=Math.random().toString(36).substring(2,12),e.src+=\"#?secret=\"+t,e.setAttribute(\"data-secret\",t)),e.contentWindow.postMessage({message:\"ready\",secret:t},\"*\")},!1)))}(window,document);\n\/\/# sourceURL=https:\/\/fjala.info\/2009-2015\/wp-includes\/js\/wp-embed.min.js\n\/* ]]> *\/\n<\/script>\n","description":"Andrea Stefani Nuk do t\u00eb trajtojm\u00eb n\u00eb k\u00ebt\u00eb shkrim dellin nekrofil q\u00eb nxit Berish\u00ebn t\u2019i drejtohet p\u00ebrs\u00ebri shkat\u00ebrrimit. Pra s\u2019do merremi me at\u00eb dell q\u00eb \u201cPiramid\u00ebn\u201d, nj\u00eb nd\u00ebrtes\u00eb, nj\u00eb send pa shpirt, e quan nj\u00eb gj\u00eb t\u00eb gjall\u00eb, e quan zemra e \u201ckomunizmit\u201d pa shkat\u00ebrrimin e s\u00eb cil\u00ebs, nuk mund t\u00eb b\u00ebka haj\u00ebr Shqip\u00ebria. Sepse [&hellip;]","thumbnail_url":"http:\/\/fjala.shkoder.net\/wp-content\/uploads\/2010\/10\/andrea_stefani.jpg"}

FjALA e LIRË - Arkivi

Piramida si donkishotizem 'antikomunist' - FjALA e LIRË - Arkivi

<blockquote class="wp-embedded-content" data-secret="CXAM1IJl4Y"><a href="https://fjala.info/2009-2015/piramida-si-donkishotizem-antikomunist/">Piramida si donkishotizem &#8216;antikomunist&#8217;</a></blockquote><iframe sandbox="allow-scripts" security="restricted" src="https://fjala.info/2009-2015/piramida-si-donkishotizem-antikomunist/embed/#?secret=CXAM1IJl4Y" width="600" height="338" title="&#8220;Piramida si donkishotizem &#8216;antikomunist&#8217;&#8221; &#8212; FjALA e LIRË - Arkivi" data-secret="CXAM1IJl4Y" frameborder="0" marginwidth="0" marginheight="0" scrolling="no" class="wp-embedded-content"></iframe><script type="text/javascript">
/* <![CDATA[ */
/*! This file is auto-generated */
!function(d,l){"use strict";l.querySelector&&d.addEventListener&&"undefined"!=typeof URL&&(d.wp=d.wp||{},d.wp.receiveEmbedMessage||(d.wp.receiveEmbedMessage=function(e){var t=e.data;if((t||t.secret||t.message||t.value)&&!/[^a-zA-Z0-9]/.test(t.secret)){for(var s,r,n,a=l.querySelectorAll('iframe[data-secret="'+t.secret+'"]'),o=l.querySelectorAll('blockquote[data-secret="'+t.secret+'"]'),c=new RegExp("^https?:$","i"),i=0;i<o.length;i++)o[i].style.display="none";for(i=0;i<a.length;i++)s=a[i],e.source===s.contentWindow&&(s.removeAttribute("style"),"height"===t.message?(1e3<(r=parseInt(t.value,10))?r=1e3:~~r<200&&(r=200),s.height=r):"link"===t.message&&(r=new URL(s.getAttribute("src")),n=new URL(t.value),c.test(n.protocol))&&n.host===r.host&&l.activeElement===s&&(d.top.location.href=t.value))}},d.addEventListener("message",d.wp.receiveEmbedMessage,!1),l.addEventListener("DOMContentLoaded",function(){for(var e,t,s=l.querySelectorAll("iframe.wp-embedded-content"),r=0;r<s.length;r++)(t=(e=s[r]).getAttribute("data-secret"))||(t=Math.random().toString(36).substring(2,12),e.src+="#?secret="+t,e.setAttribute("data-secret",t)),e.contentWindow.postMessage({message:"ready",secret:t},"*")},!1)))}(window,document);
//# sourceURL=https://fjala.info/2009-2015/wp-includes/js/wp-embed.min.js
/* ]]> */
</script>

Andrea Stefani Nuk do të trajtojmë në këtë shkrim dellin nekrofil që nxit Berishën t’i drejtohet përsëri shkatërrimit. Pra s’do merremi me atë dell që “Piramidën”, një ndërtesë, një send pa shpirt, e quan një gjë të gjallë, e quan zemra e “komunizmit” pa shkatërrimin e së cilës, nuk mund të bëka hajër Shqipëria. Sepse [&hellip;]
