{"version":"1.0","provider_name":"FjALA e LIR\u00cb - Arkivi","provider_url":"https:\/\/fjala.info\/2009-2015","author_name":"admin","author_url":"https:\/\/fjala.info\/2009-2015\/author\/admin\/","title":"Jozefina ose politikania e leshit - FjALA e LIR\u00cb - Arkivi","type":"rich","width":600,"height":338,"html":"<blockquote class=\"wp-embedded-content\" data-secret=\"dmjmvoWatc\"><a href=\"https:\/\/fjala.info\/2009-2015\/jozefina-ose-politikania-e-leshit\/\">Jozefina ose politikania e leshit<\/a><\/blockquote><iframe sandbox=\"allow-scripts\" security=\"restricted\" src=\"https:\/\/fjala.info\/2009-2015\/jozefina-ose-politikania-e-leshit\/embed\/#?secret=dmjmvoWatc\" width=\"600\" height=\"338\" title=\"&#8220;Jozefina ose politikania e leshit&#8221; &#8212; FjALA e LIR\u00cb - Arkivi\" data-secret=\"dmjmvoWatc\" frameborder=\"0\" marginwidth=\"0\" marginheight=\"0\" scrolling=\"no\" class=\"wp-embedded-content\"><\/iframe><script type=\"text\/javascript\">\n\/* <![CDATA[ *\/\n\/*! This file is auto-generated *\/\n!function(d,l){\"use strict\";l.querySelector&&d.addEventListener&&\"undefined\"!=typeof URL&&(d.wp=d.wp||{},d.wp.receiveEmbedMessage||(d.wp.receiveEmbedMessage=function(e){var t=e.data;if((t||t.secret||t.message||t.value)&&!\/[^a-zA-Z0-9]\/.test(t.secret)){for(var s,r,n,a=l.querySelectorAll('iframe[data-secret=\"'+t.secret+'\"]'),o=l.querySelectorAll('blockquote[data-secret=\"'+t.secret+'\"]'),c=new RegExp(\"^https?:$\",\"i\"),i=0;i<o.length;i++)o[i].style.display=\"none\";for(i=0;i<a.length;i++)s=a[i],e.source===s.contentWindow&&(s.removeAttribute(\"style\"),\"height\"===t.message?(1e3<(r=parseInt(t.value,10))?r=1e3:~~r<200&&(r=200),s.height=r):\"link\"===t.message&&(r=new URL(s.getAttribute(\"src\")),n=new URL(t.value),c.test(n.protocol))&&n.host===r.host&&l.activeElement===s&&(d.top.location.href=t.value))}},d.addEventListener(\"message\",d.wp.receiveEmbedMessage,!1),l.addEventListener(\"DOMContentLoaded\",function(){for(var e,t,s=l.querySelectorAll(\"iframe.wp-embedded-content\"),r=0;r<s.length;r++)(t=(e=s[r]).getAttribute(\"data-secret\"))||(t=Math.random().toString(36).substring(2,12),e.src+=\"#?secret=\"+t,e.setAttribute(\"data-secret\",t)),e.contentWindow.postMessage({message:\"ready\",secret:t},\"*\")},!1)))}(window,document);\n\/\/# sourceURL=https:\/\/fjala.info\/2009-2015\/wp-includes\/js\/wp-embed.min.js\n\/* ]]> *\/\n<\/script>\n","description":"Nga Ilir Yzeiri, 19 Prill 2013 Me t\u00eb drejt\u00eb mund t\u00eb shtrohet pyetja se p\u00ebrse p\u00ebrdorimi i fjal\u00ebs \u201clesh\u201d nga Jozefina Topalli n\u00eb nj\u00eb seanc\u00eb parlamentare n\u00eb shprehjen \u201cdo t\u00eb ikni edhe ju p\u00ebr lesh\u201d shkaktoi neveri, mosaprovim, fyerje, rruga\u00e7\u00ebri, amoralitet, pra gjith\u00e7ka t\u00eb ul\u00ebt q\u00eb ka sjellja e nj\u00eb femre. Si ka mund\u00ebsi q\u00eb [&hellip;]","thumbnail_url":"http:\/\/www.fjala.info\/2012\/ilir_yzeiri.jpg"}

FjALA e LIRË - Arkivi

Jozefina ose politikania e leshit - FjALA e LIRË - Arkivi

<blockquote class="wp-embedded-content" data-secret="dmjmvoWatc"><a href="https://fjala.info/2009-2015/jozefina-ose-politikania-e-leshit/">Jozefina ose politikania e leshit</a></blockquote><iframe sandbox="allow-scripts" security="restricted" src="https://fjala.info/2009-2015/jozefina-ose-politikania-e-leshit/embed/#?secret=dmjmvoWatc" width="600" height="338" title="&#8220;Jozefina ose politikania e leshit&#8221; &#8212; FjALA e LIRË - Arkivi" data-secret="dmjmvoWatc" frameborder="0" marginwidth="0" marginheight="0" scrolling="no" class="wp-embedded-content"></iframe><script type="text/javascript">
/* <![CDATA[ */
/*! This file is auto-generated */
!function(d,l){"use strict";l.querySelector&&d.addEventListener&&"undefined"!=typeof URL&&(d.wp=d.wp||{},d.wp.receiveEmbedMessage||(d.wp.receiveEmbedMessage=function(e){var t=e.data;if((t||t.secret||t.message||t.value)&&!/[^a-zA-Z0-9]/.test(t.secret)){for(var s,r,n,a=l.querySelectorAll('iframe[data-secret="'+t.secret+'"]'),o=l.querySelectorAll('blockquote[data-secret="'+t.secret+'"]'),c=new RegExp("^https?:$","i"),i=0;i<o.length;i++)o[i].style.display="none";for(i=0;i<a.length;i++)s=a[i],e.source===s.contentWindow&&(s.removeAttribute("style"),"height"===t.message?(1e3<(r=parseInt(t.value,10))?r=1e3:~~r<200&&(r=200),s.height=r):"link"===t.message&&(r=new URL(s.getAttribute("src")),n=new URL(t.value),c.test(n.protocol))&&n.host===r.host&&l.activeElement===s&&(d.top.location.href=t.value))}},d.addEventListener("message",d.wp.receiveEmbedMessage,!1),l.addEventListener("DOMContentLoaded",function(){for(var e,t,s=l.querySelectorAll("iframe.wp-embedded-content"),r=0;r<s.length;r++)(t=(e=s[r]).getAttribute("data-secret"))||(t=Math.random().toString(36).substring(2,12),e.src+="#?secret="+t,e.setAttribute("data-secret",t)),e.contentWindow.postMessage({message:"ready",secret:t},"*")},!1)))}(window,document);
//# sourceURL=https://fjala.info/2009-2015/wp-includes/js/wp-embed.min.js
/* ]]> */
</script>

Nga Ilir Yzeiri, 19 Prill 2013 Me të drejtë mund të shtrohet pyetja se përse përdorimi i fjalës “lesh” nga Jozefina Topalli në një seancë parlamentare në shprehjen “do të ikni edhe ju për lesh” shkaktoi neveri, mosaprovim, fyerje, rrugaçëri, amoralitet, pra gjithçka të ulët që ka sjellja e një femre. Si ka mundësi që [&hellip;]
