{"version":"1.0","provider_name":"FjALA e LIR\u00cb - Arkivi","provider_url":"https:\/\/fjala.info\/2009-2015","author_name":"admin","author_url":"https:\/\/fjala.info\/2009-2015\/author\/admin\/","title":"\u00c7mimi i hidhur i heshtjes - FjALA e LIR\u00cb - Arkivi","type":"rich","width":600,"height":338,"html":"<blockquote class=\"wp-embedded-content\" data-secret=\"ts1gJUIT1n\"><a href=\"https:\/\/fjala.info\/2009-2015\/cmimi-i-hidhur-i-heshtjes\/\">\u00c7mimi i hidhur i heshtjes<\/a><\/blockquote><iframe sandbox=\"allow-scripts\" security=\"restricted\" src=\"https:\/\/fjala.info\/2009-2015\/cmimi-i-hidhur-i-heshtjes\/embed\/#?secret=ts1gJUIT1n\" width=\"600\" height=\"338\" title=\"&#8220;\u00c7mimi i hidhur i heshtjes&#8221; &#8212; FjALA e LIR\u00cb - Arkivi\" data-secret=\"ts1gJUIT1n\" frameborder=\"0\" marginwidth=\"0\" marginheight=\"0\" scrolling=\"no\" class=\"wp-embedded-content\"><\/iframe><script type=\"text\/javascript\">\n\/* <![CDATA[ *\/\n\/*! This file is auto-generated *\/\n!function(d,l){\"use strict\";l.querySelector&&d.addEventListener&&\"undefined\"!=typeof URL&&(d.wp=d.wp||{},d.wp.receiveEmbedMessage||(d.wp.receiveEmbedMessage=function(e){var t=e.data;if((t||t.secret||t.message||t.value)&&!\/[^a-zA-Z0-9]\/.test(t.secret)){for(var s,r,n,a=l.querySelectorAll('iframe[data-secret=\"'+t.secret+'\"]'),o=l.querySelectorAll('blockquote[data-secret=\"'+t.secret+'\"]'),c=new RegExp(\"^https?:$\",\"i\"),i=0;i<o.length;i++)o[i].style.display=\"none\";for(i=0;i<a.length;i++)s=a[i],e.source===s.contentWindow&&(s.removeAttribute(\"style\"),\"height\"===t.message?(1e3<(r=parseInt(t.value,10))?r=1e3:~~r<200&&(r=200),s.height=r):\"link\"===t.message&&(r=new URL(s.getAttribute(\"src\")),n=new URL(t.value),c.test(n.protocol))&&n.host===r.host&&l.activeElement===s&&(d.top.location.href=t.value))}},d.addEventListener(\"message\",d.wp.receiveEmbedMessage,!1),l.addEventListener(\"DOMContentLoaded\",function(){for(var e,t,s=l.querySelectorAll(\"iframe.wp-embedded-content\"),r=0;r<s.length;r++)(t=(e=s[r]).getAttribute(\"data-secret\"))||(t=Math.random().toString(36).substring(2,12),e.src+=\"#?secret=\"+t,e.setAttribute(\"data-secret\",t)),e.contentWindow.postMessage({message:\"ready\",secret:t},\"*\")},!1)))}(window,document);\n\/\/# sourceURL=https:\/\/fjala.info\/2009-2015\/wp-includes\/js\/wp-embed.min.js\n\/* ]]> *\/\n<\/script>\n","description":"Nga Mero Baze Gazeta TemA ridel sot n\u00eb treg n\u00eb nj\u00eb p\u00ebrpjekje t\u00eb re t\u00eb ekipit t\u00eb saj p\u00ebr t\u2019u rikthyer n\u00eb tregun pa rregulla t\u00eb medies s\u00eb mbetur shqiptare. N\u00eb t\u00eb v\u00ebrtet\u00eb asgj\u00eb nuk ka ndryshuar nga arsyet q\u00eb na detyruan t\u00eb mbyllim gazet\u00ebn muaj m\u00eb par\u00eb, kur p\u00ebr shkak t\u00eb brutalitetit t\u00eb qeveris\u00eb, [&hellip;]","thumbnail_url":"http:\/\/fjala.shkoder.net\/wp-content\/uploads\/2010\/10\/mero_baze12.jpg"}

FjALA e LIRË - Arkivi

Çmimi i hidhur i heshtjes - FjALA e LIRË - Arkivi

<blockquote class="wp-embedded-content" data-secret="ts1gJUIT1n"><a href="https://fjala.info/2009-2015/cmimi-i-hidhur-i-heshtjes/">Çmimi i hidhur i heshtjes</a></blockquote><iframe sandbox="allow-scripts" security="restricted" src="https://fjala.info/2009-2015/cmimi-i-hidhur-i-heshtjes/embed/#?secret=ts1gJUIT1n" width="600" height="338" title="&#8220;Çmimi i hidhur i heshtjes&#8221; &#8212; FjALA e LIRË - Arkivi" data-secret="ts1gJUIT1n" frameborder="0" marginwidth="0" marginheight="0" scrolling="no" class="wp-embedded-content"></iframe><script type="text/javascript">
/* <![CDATA[ */
/*! This file is auto-generated */
!function(d,l){"use strict";l.querySelector&&d.addEventListener&&"undefined"!=typeof URL&&(d.wp=d.wp||{},d.wp.receiveEmbedMessage||(d.wp.receiveEmbedMessage=function(e){var t=e.data;if((t||t.secret||t.message||t.value)&&!/[^a-zA-Z0-9]/.test(t.secret)){for(var s,r,n,a=l.querySelectorAll('iframe[data-secret="'+t.secret+'"]'),o=l.querySelectorAll('blockquote[data-secret="'+t.secret+'"]'),c=new RegExp("^https?:$","i"),i=0;i<o.length;i++)o[i].style.display="none";for(i=0;i<a.length;i++)s=a[i],e.source===s.contentWindow&&(s.removeAttribute("style"),"height"===t.message?(1e3<(r=parseInt(t.value,10))?r=1e3:~~r<200&&(r=200),s.height=r):"link"===t.message&&(r=new URL(s.getAttribute("src")),n=new URL(t.value),c.test(n.protocol))&&n.host===r.host&&l.activeElement===s&&(d.top.location.href=t.value))}},d.addEventListener("message",d.wp.receiveEmbedMessage,!1),l.addEventListener("DOMContentLoaded",function(){for(var e,t,s=l.querySelectorAll("iframe.wp-embedded-content"),r=0;r<s.length;r++)(t=(e=s[r]).getAttribute("data-secret"))||(t=Math.random().toString(36).substring(2,12),e.src+="#?secret="+t,e.setAttribute("data-secret",t)),e.contentWindow.postMessage({message:"ready",secret:t},"*")},!1)))}(window,document);
//# sourceURL=https://fjala.info/2009-2015/wp-includes/js/wp-embed.min.js
/* ]]> */
</script>

Nga Mero Baze Gazeta TemA ridel sot në treg në një përpjekje të re të ekipit të saj për t’u rikthyer në tregun pa rregulla të medies së mbetur shqiptare. Në të vërtetë asgjë nuk ka ndryshuar nga arsyet që na detyruan të mbyllim gazetën muaj më parë, kur për shkak të brutalitetit të qeverisë, [&hellip;]
